lse
Does 13 divide 238953?
True
Is 174 a factor of 102506?
False
Does 678 divide 3430002?
True
Does 13 divide 77649?
True
Is 74821 a multiple of 195?
False
Is 195039 a multiple of 39?
True
Does 19 divide 111995?
False
Is 1018384 a multiple of 281?
False
Is 221 a factor of 4490915?
False
Is 243 a factor of 164129?
False
Does 35 divide 40915?
True
Is 61 a factor of 903898?
True
Is 4 a factor of 109807?
False
Does 60 divide 378300?
True
Does 14 divide 1896804?
True
Is 19228 a multiple of 76?
True
Is 7679265 a multiple of 464?
False
Is 79923 a multiple of 8?
False
Is 305 a factor of 2200880?
True
Does 330 divide 94352?
False
Is 28 a factor of 1650237?
False
Is 27 a factor of 1550208?
False
Is 725 a factor of 129050?
True
Is 690 a factor of 6980040?
True
Is 78507 a multiple of 2?
False
Is 13356 a multiple of 7?
True
Is 715323 a multiple of 23?
True
Does 24 divide 216696?
True
Is 13 a factor of 87763?
True
Is 2365968 a multiple of 44?
True
Is 8 a factor of 15581656?
True
Is 780 a factor of 1292267?
False
Is 18257 a multiple of 12?
False
Is 1593480 a multiple of 198?
False
Does 9 divide 38970?
True
Does 26 divide 5338554?
True
Is 50159 a multiple of 240?
False
Is 266151 a multiple of 160?
False
Does 1152 divide 10703981?
False
Does 9 divide 193536?
True
Is 207 a factor of 5961600?
True
Is 147 a factor of 336492?
False
Is 51766 a multiple of 143?
True
Is 40064 a multiple of 62?
False
Is 121 a factor of 69058?
False
Does 6 divide 2245554?
True
Does 75 divide 10607?
False
Does 9 divide 2913354?
True
Does 44 divide 413302?
False
Does 16 divide 348480?
True
Is 1567317 a multiple of 35?
False
Is 119 a factor of 2346640?
False
Is 120240 a multiple of 501?
True
Is 19 a factor of 64608?
False
Is 20037960 a multiple of 9?
True
Is 351 a factor of 3410073?
False
Is 112827 a multiple of 60?
False
Does 46 divide 226228?
True
Is 33 a factor of 7342?
False
Does 158 divide 8789540?
True
Is 280306 a multiple of 342?
False
Does 1103 divide 6649987?
True
Does 9 divide 192420?
True
Is 18 a factor of 711521?
False
Is 20 a factor of 51860?
True
Is 20 a factor of 1858080?
True
Does 5 divide 803657?
False
Is 68264 a multiple of 28?
True
Does 3 divide 1104888?
True
Is 7 a factor of 3402077?
True
Is 98850 a multiple of 50?
True
Is 164 a factor of 32144?
True
Is 600037 a multiple of 47?
False
Is 999321 a multiple of 68?
False
Does 397 divide 71857?
True
Is 1705896 a multiple of 261?
True
Is 59022 even?
True
Does 17 divide 164730?
True
Is 1762 a factor of 13948459?
False
Is 52854 a multiple of 140?
False
Does 267 divide 55369?
False
Is 48191 a multiple of 337?
True
Is 559 a factor of 2284074?
True
Does 54 divide 177135?
False
Does 40 divide 2861705?
False
Is 83465 a multiple of 5?
True
Is 1085214 a multiple of 13?
True
Is 86 a factor of 14988125?
False
Does 201 divide 78792?
True
Is 1168 a factor of 8345360?
True
Does 16 divide 21104?
True
Does 4 divide 147584?
True
Is 13 a factor of 43947?
False
Is 1368029 even?
False
Is 7050 a multiple of 47?
True
Does 19 divide 5783885?
True
Is 48 a factor of 3333216?
True
Is 361935 a multiple of 21?
True
Does 134 divide 289665?
False
Does 11 divide 329911?
False
Is 1237 a factor of 7643477?
False
Is 138 a factor of 166980?
True
Is 16023944 a multiple of 1040?
False
Does 57 divide 115197?
True
Does 6 divide 273006?
True
Does 4 divide 351118?
False
Does 983 divide 404013?
True
Is 7322 a multiple of 18?
False
Is 96755 a multiple of 8?
False
Does 19 divide 1073963?
False
Is 122658 a multiple of 216?
False
Is 390 a factor of 94380?
True
Is 48 a factor of 164144?
False
Does 271 divide 114508?
False
Does 43 divide 69316?
True
Is 71321 a multiple of 71?
False
Is 1027089 a multiple of 119?
True
Does 23 divide 636088?
True
Does 44 divide 382360?
True
Does 503 divide 256027?
True
Is 276 a factor of 636094?
False
Is 103095 a multiple of 29?
True
Is 354 a factor of 7894908?
True
Does 49 divide 561694?
False
Does 355 divide 68515?
True
Is 960488 a multiple of 71?
True
Is 6224336 a multiple of 436?
True
Is 8932 a multiple of 154?
True
Is 583 a factor of 8464577?
True
Is 3633546 a multiple of 714?
True
Does 15 divide 1156185?
True
Is 1026580 a multiple of 280?
False
Is 250713 a multiple of 23?
False
Does 42 divide 14028?
True
Is 149 a factor of 1319246?
True
Does 2 divide 573456?
True
Is 19 a factor of 8625278?
True
Is 19 a factor of 3196769?
True
Is 74 a multiple of 2?
True
Does 62 divide 139314?
True
Is 210002 a multiple of 13?
True
Does 18 divide 223542?
True
Does 823 divide 11443806?
False
Does 81 divide 164230?
False
Does 21 divide 597898?
False
Does 24 divide 39251?
False
Does 1255 divide 8133655?
True
Does 433 divide 411276?
False
Is 48 a factor of 57168?
True
Is 736904 a multiple of 96?
False
Does 12 divide 34814147?
False
Is 116 a factor of 69484?
True
Is 51473 a multiple of 402?
False
Is 1435984 a multiple of 82?
True
Is 4670212 a multiple of 1289?
False
Is 6107 a multiple of 2?
False
Is 383643 a multiple of 351?
True
Is 846 a factor of 318942?
True
Is 5 a factor of 232505?
True
Does 806 divide 3021372?
False
Is 129 a factor of 5118591?
True
Does 50 divide 592332?
False
Is 17 a factor of 48766?
False
Does 89 divide 742265?
False
Is 67 a factor of 547692?
False
Is 7160225 a multiple of 1866?
False
Does 85 divide 132005?
True
Is 21 a factor of 455196?
True
Is 2677307 a multiple of 355?
False
Does 331 divide 123904?
False
Is 6 a factor of 101867?
False
Is 327600 a multiple of 52?
True
Is 202 a factor of 341380?
True
Is 117 a factor of 1871064?
True
Is 339648 a multiple of 4?
True
Does 106 divide 149756?
False
Is 97276 a multiple of 293?
True
Is 19 a factor of 56012?
True
Is 68 a factor of 1243856?
True
Is 547081 a multiple of 130?
False
Is 294 a factor of 843489?
False
Is 1660 a factor of 11010780?
True
Is 4 a factor of 33556?
True
Is 126 a factor of 86184?
True
Is 1205 a factor of 3271575?
True
Is 154548 a multiple of 318?
True
Does 29 divide 1780400?
False
Is 73737 a multiple of 27?
True
Is 609 a factor of 3289012?
False
Is 3595194 a multiple of 758?
True
Is 112 a factor of 12542627?
False
Is 295483 a multiple of 367?
False
Does 3 divide 2015227?
False
Is 15 a factor of 6612977?
False
Does 322 divide 10092?
False
Is 73577 a multiple of 161?
True
Does 5 divide 4430?
True
Does 90 divide 10843290?
True
Is 272010 a multiple of 10?
True
Is 29380 a multiple of 130?
True
Does 35 divide 3889235?
True
Is 11056 even?
True
Is 236 a factor of 507400?
True
Does 22 divide 103840?
True
Is 22042 a multiple of 178?
False
Does 54 divide 9197982?
True
Is 82130 a multiple of 191?
True
Does 261 divide 4499901?
True
Is 105318 a multiple of 62?
False
Is 4 a factor of 11872?
True
Does 20 divide 1640?
True
Is 4 a factor of 295240?
True
Is 5934901 a multiple of 9?
False
Does 10 divide 911438?
False
Is 24 a factor of 407424?
True
Is 120795 a multiple of 5?
True
Is 14 a factor of 195188?
True
Is 21885 a multiple of 12?
False
Is 39144 a multiple of 110?
False
Does 3 divide 5105527?
False
Is 702 a factor of 969462?
True
Does 4 divide 3180840?
True
Is 200475 a multiple of 27?
True
Does 3 divide 1523814?
True
Is 6 a factor of 36072?
True
Is 551118 a multiple of 23?
False
Is 86072 a multiple of 58?
True
Is 3451231 a multiple of 973?
True
Is 1430064 a multiple of 50?
False
Does 2060 divide 8132880?
True
Does 8 divide 1584?
True
Is 773911 a multiple of 67?
False
Is 11500716 a multiple of 20?
False
Does 36 divide 464910?
False
Does 4 divide 27136?
True
Is 13 a factor of 21170?
False
Is 54159 a multiple of 35?
False
Does 8 divide 8530856?
True
Does 372 divide 3506507?
False
Is 83 a factor of 29216?
True
Is 929556 a multiple of 324?
True
Is 19 a factor of 528144?
False
Is 120 a factor of 330720?
True
Does 7 divide 1671855?
False
Is 5054795 a multiple of 7?
False
Is 5340 a multiple of 20?
True
Does 32 divide 285444?
False
Does 229 divide 700053?
True
Is 22510555 a multiple of 965?
True
Does 8 divide 266768?
True
Is 5907368 a multiple of 38?
False
Does 13 divide 9902?
False
Is 2071948 a multiple of 107?
True
Is 194769 a multiple of 171?
True
Is 134658 a multiple of 18?
True
Is 25 a factor of 247400?
True
Does 284 divide 2794560?
True
Does 56 divide 50848?
True
Is 27590 a multiple of 67?
False
Does 2 divide 218463?
False
Is 104009 a multiple of 218?
False
Is 17 a factor of 4684231?
T